
8
What is the hundreds digit of 1300?
3
What is the tens digit of 1943?
4
What is the tens digit of 2886?
8
What is the tens digit of 11?
1
What is the thousands digit of 75580?
5
What is the hundreds digit of 875?
8
What is the thousands digit of 34555?
4
What is the units digit of 5825?
5
What is the tens digit of 1122?
2
What is the hundreds digit of 236?
2
What is the thousands digit of 8871?
8
What is the ten thousands digit of 19374?
1
What is the tens digit of 2235?
3
What is the ten thousands digit of 45836?
4
What is the thousands digit of 7078?
7
What is the tens digit of 3043?
4
What is the thousands digit of 122388?
2
What is the hundreds digit of 240?
2
What is the units digit of 3373?
3
What is the ten thousands digit of 19512?
1
What is the units digit of 3165?
5
What is the hundreds digit of 658?
6
What is the tens digit of 1912?
1
What is the units digit of 4660?
0
What is the thousands digit of 1252?
1
What is the ten thousands digit of 18521?
1
What is the thousands digit of 35487?
5
What is the tens digit of 62281?
8
What is the hundreds digit of 131807?
8
What is the hundreds digit of 3194?
1
What is the thousands digit of 2499?
2
What is the units digit of 259?
9
What is the hundreds digit of 1422?
4
What is the thousands digit of 2933?
2
What is the thousands digit of 3448?
3
What is the units digit of 5562?
2
What is the ten thousands digit of 25475?
2
What is the thousands digit of 8072?
8
What is the hundreds digit of 36475?
4
What is the ten thousands digit of 30620?
3
What is the units digit of 18985?
5
What is the thousands digit of 8442?
8
What is the units digit of 2526?
6
What is the tens digit of 386?
8
What is the hundreds digit of 40332?
3
What is the tens digit of 5938?
3
What is the units digit of 4365?
5
What is the units digit of 26941?
1
What is the hundreds digit of 73226?
2
What is the tens digit of 6343?
4
What is the ten thousands digit of 20546?
2
What is the units digit of 2963?
3
What is the thousands digit of 1115?
1
What is the hundreds digit of 9933?
9
What is the tens digit of 10719?
1
What is the hundreds digit of 71986?
9
What is the hundreds digit of 3391?
3
What is the hundreds digit of 5901?
9
What is the hundreds digit of 26802?
8
What is the tens digit of 46707?
0
What is the tens digit of 548?
4
What is the hundreds digit of 445?
4
What is the units digit of 689?
9
What is the hundreds digit of 9792?
7
What is the hundreds digit of 10270?
2
What is the tens digit of 479?
7
What is the tens digit of 4433?
3
What is the thousands digit of 5732?
5
What is the hundreds digit of 1450?
4
What is the hundreds digit of 2437?
4
What is the tens digit of 281?
8
What is the ten thousands digit of 64151?
6
What is the hundreds digit of 4419?
4
What is the hundreds digit of 1555?
5
What is the tens digit of 170292?
9
What is the units digit of 9558?
8
What is the hundreds digit of 3239?
2
What is the units digit of 4745?
5
What is the units digit of 3011?
1
What is the thousands digit of 1461?
1
What is the tens digit of 14635?
3
What is the units digit of 118?
8
What is the tens digit of 87247?
4
What is the hundred thousands digit of 120253?
1
What is the tens digit of 61860?
6
What is the units digit of 909?
9
What is the tens digit of 7876?
7
What is the ten thousands digit of 38751?
3
What is the hundreds digit of 5150?
1
What is the hundreds digit of 118636?
6
What is the thousands digit of 5218?
5
What is the hundreds digit of 3789?
7
What is the units digit of 3518?
8
What is the thousands digit of 3946?
3
What is the hundreds digit of 1175?
1
What is the hundred thousands digit of 170872?
1
What is the thousands digit of 59069?
9
What is the hundreds digit of 57013?
0
What is the ten thousands digit of 84398?
8
What is the units digit of 8964?
4
What is the hundred thousands digit of 104197?
1
What is the thousands digit of 36395?
6
What is the units digit of 2977?
7
What is the units digit of 3310?
0
What is the units digit of 463?
3
What is the tens digit of 2137?
3
What is the units digit of 42135?
5
What is the hundreds digit of 11251?
2
What is the tens digit of 1243?
4
What is the ten thousands digit of 32275?
3
What is the tens digit of 70489?
8
What is the hundreds digit of 130024?
0
What is the units digit of 1820?
0
What is the tens digit of 11758?
5
What is the units digit of 45125?
5
What is the thousands digit of 1251?
1
What is the units digit of 175110?
0
What is the thousands digit of 17171?
7
What is the hundreds digit of 18593?
5
What is the thousands digit of 25707?
5
What is the units digit of 1567?
7
What is the tens digit of 87434?
3
What is the hundreds digit of 1302?
3
What is the thousands digit of 40207?
0
What is the thousands digit of 100417?
0
What is the units digit of 4287?
7
What is the hundreds digit of 3146?
1
What is the tens digit of 3965?
6
What is the tens digit of 443?
4
What is the units digit of 455?
5
What is the hundreds digit of 775?
7
What is the thousands digit of 11231?
1
What is the units digit of 2333?
3
What is the tens digit of 2446?
4
What is the thousands digit of 17783?
7
What is the units digit of 1120?
0
What is the hundreds digit of 5973?
9
What is the hundreds digit of 11657?
6
What is the thousands digit of 36482?
6
What is the thousands digit of 3192?
3
What is the units digit of 2236?
6
What is the hundreds digit of 140281?
2
What is the tens digit of 4441?
4
What is the units digit of 1024?
4
What is the units digit of 2725?
5
What is the ten thousands digit of 25732?
2
What is the thousands digit of 20408?
0
What is the hundreds digit of 15083?
0
What is the hundreds digit of 260?
2
What is the tens digit of 1712?
1
What is the tens digit of 76382?
8
What is the hundreds digit of 411?
4
What is the thousands digit of 1180?
1
What is the units digit of 483?
3
What is the units digit of 1374?
4
What is the units digit of 2552?
2
What is the units digit of 203?
3
What is the thousands digit of 4245?
4
What is the tens digit of 659?
5
What is the thousands digit of 30190?
0
What is the tens digit of 3608?
0
What is the units digit of 2656?
6
What is the tens digit of 641?
4
What is the tens digit of 61048?
4
What is the hundreds digit of 754?
7
What is the tens digit of 490?
9
What is the thousands digit of 43475?
3
What is the ten thousands digit of 109725?
0
What is the units digit of 7831?
1
What is the hundreds digit of 249?
2
What is the thousands digit of 4138?
4
What is the units digit of 26917?
7
What is the hundreds digit of 554?
5
What is the hundreds digit of 39558?
5
What is the hundreds digit of 160736?
7
What is the thousands digit of 102625?
2
What is the ten thousands digit of 33514?
3
What is the units digit of 95534?
4
What is the units digit of 3344?
4
What is the tens digit of 1063?
6
What is the tens digit of 49499?
9
What is the units digit of 157159?
9
What is the hundreds digit of 3093?
0
What is the tens digit of 1582?
8
What is the thousands digit of 17322?
7
What is the units digit of 12?
2
What is the thousands digit of 5789?
5
What is the tens digit of 257?
5
What is the tens digit of 2570?
7
What is the hundreds digit of 4242?
2
What is the hundreds digit of 28217?
2
What is the hundred thousands digit of 110144?
1
What is the units digit of 2056?
6
What is the ten thousands digit of 93873?
9
What is the hundreds digit of 96531?
5
What is the thousands digit of 13712?
3
What is the hundreds digit of 201?
2
What is the ten thousands digit of 51334?
5
What is the thousands digit of 1453?
1
What is the tens digit of 4359?
5
What is the hundreds digit of 184?
1
What is the units digit of 4732?
2
What is the units digit of 2961?
1
What is the tens digit of 5268?
6
What is the hundreds digit of 441?
4
What is the tens digit of 5824?
2
What is the hundreds digit of 686?
6
What is the hundreds digit of 5178?
1
What is the thousands digit of 193644?
3
What is the hundreds digit of 2299?
2
What is the tens digit of 1447?
4
What is the hundreds digit of 571?
5
What is the hundreds digit of 2981?
9
What is the tens digit of 13703?
0
What is the units digit of 86?
6
What is the ten thousands digit of 20377?
2
What is the hundreds digit of 35730?
7
What is the units digit of 97467?
7
What is the units digit of